{"id":587,"date":"2015-07-11T19:13:37","date_gmt":"2015-07-11T18:13:37","guid":{"rendered":"http:\/\/www.regardsdechiens.fr\/?page_id=587"},"modified":"2015-07-11T19:14:42","modified_gmt":"2015-07-11T18:14:42","slug":"toutes-les-photos-du-barbecue-de-fin-dannee","status":"publish","type":"page","link":"https:\/\/regardsdechiens.fr\/?page_id=587","title":{"rendered":"Toutes les photos du barbecue de fin d&rsquo;ann\u00e9e"},"content":{"rendered":"<table style=\"-moz-border-radius:15px; -webkit-border-radius:15px; border-radius:15px; box-shadow: 2px 2px 2px 0 black; -moz-box-shadow: 2px 2px 2px 0 black; -webkit-box-shadow: 2px 2px 2px 0 black; background: linear-gradient(to top, #b6ccff, #ebf1ff);\">\n<tr>\n<td style=\"padding: 10px 15px;\">\n<center><a href=\"?p=589\"><i>Cliquez ici pour retourner \u00e0 l&rsquo;article.<\/a><br \/>\nCliquez sur une photo pour l&rsquo;ouvrir en plein \u00e9cran.<\/i><\/center><\/td>\n<\/tr>\n<\/table>\n<p><center><br \/>\n[insert_php]<br \/>\nfor ($j = 1; $j <= 8; $j++) {\n    echo \"<a href='wp-content\/uploads\/2015\/07\/barbec ($j).JPG' target='_blank'><img src='wp-content\/uploads\/slider-wd\/thumb\/barbec ($j).JPG''><\/a>&nbsp;\u00ab\u00a0;<br \/>\n}<br \/>\n[\/insert_php]<br \/>\n<\/center><\/p>\n","protected":false},"excerpt":{"rendered":"<p>Cliquez ici pour retourner \u00e0 l&rsquo;article. Cliquez sur une photo pour l&rsquo;ouvrir en plein \u00e9cran. [insert_php] for ($j = 1; $j<\/p>\n","protected":false},"author":15,"featured_media":0,"parent":0,"menu_order":0,"comment_status":"open","ping_status":"open","template":"","meta":{"footnotes":""},"class_list":["post-587","page","type-page","status-publish","hentry"],"yoast_head":"<!-- This site is optimized with the Yoast SEO plugin v24.0 - https:\/\/yoast.com\/wordpress\/plugins\/seo\/ -->\n<title>Toutes les photos du barbecue de fin d&#039;ann\u00e9e - Association Regards de Chiens<\/title>\n<meta name=\"robots\" content=\"index, follow, max-snippet:-1, max-image-preview:large, max-video-preview:-1\" \/>\n<link rel=\"canonical\" href=\"https:\/\/regardsdechiens.fr\/?page_id=587\" \/>\n<meta property=\"og:locale\" content=\"fr_FR\" \/>\n<meta property=\"og:type\" content=\"article\" \/>\n<meta property=\"og:title\" content=\"Toutes les photos du barbecue de fin d&#039;ann\u00e9e - Association Regards de Chiens\" \/>\n<meta property=\"og:description\" content=\"Cliquez ici pour retourner \u00e0 l&rsquo;article. Cliquez sur une photo pour l&rsquo;ouvrir en plein \u00e9cran. [insert_php] for ($j = 1; $j\" \/>\n<meta property=\"og:url\" content=\"https:\/\/regardsdechiens.fr\/?page_id=587\" \/>\n<meta property=\"og:site_name\" content=\"Association Regards de Chiens\" \/>\n<meta property=\"article:modified_time\" content=\"2015-07-11T18:14:42+00:00\" \/>\n<meta name=\"twitter:card\" content=\"summary_large_image\" \/>\n<script type=\"application\/ld+json\" class=\"yoast-schema-graph\">{\"@context\":\"https:\/\/schema.org\",\"@graph\":[{\"@type\":\"WebPage\",\"@id\":\"https:\/\/regardsdechiens.fr\/?page_id=587\",\"url\":\"https:\/\/regardsdechiens.fr\/?page_id=587\",\"name\":\"Toutes les photos du barbecue de fin d'ann\u00e9e - Association Regards de Chiens\",\"isPartOf\":{\"@id\":\"https:\/\/regardsdechiens.fr\/#website\"},\"datePublished\":\"2015-07-11T18:13:37+00:00\",\"dateModified\":\"2015-07-11T18:14:42+00:00\",\"breadcrumb\":{\"@id\":\"https:\/\/regardsdechiens.fr\/?page_id=587#breadcrumb\"},\"inLanguage\":\"fr-FR\",\"potentialAction\":[{\"@type\":\"ReadAction\",\"target\":[\"https:\/\/regardsdechiens.fr\/?page_id=587\"]}]},{\"@type\":\"BreadcrumbList\",\"@id\":\"https:\/\/regardsdechiens.fr\/?page_id=587#breadcrumb\",\"itemListElement\":[{\"@type\":\"ListItem\",\"position\":1,\"name\":\"Accueil\",\"item\":\"https:\/\/regardsdechiens.fr\/\"},{\"@type\":\"ListItem\",\"position\":2,\"name\":\"Toutes les photos du barbecue de fin d&rsquo;ann\u00e9e\"}]},{\"@type\":\"WebSite\",\"@id\":\"https:\/\/regardsdechiens.fr\/#website\",\"url\":\"https:\/\/regardsdechiens.fr\/\",\"name\":\"Association Regards de Chiens\",\"description\":\"\",\"potentialAction\":[{\"@type\":\"SearchAction\",\"target\":{\"@type\":\"EntryPoint\",\"urlTemplate\":\"https:\/\/regardsdechiens.fr\/?s={search_term_string}\"},\"query-input\":{\"@type\":\"PropertyValueSpecification\",\"valueRequired\":true,\"valueName\":\"search_term_string\"}}],\"inLanguage\":\"fr-FR\"}]}<\/script>\n<!-- \/ Yoast SEO plugin. -->","yoast_head_json":{"title":"Toutes les photos du barbecue de fin d'ann\u00e9e - Association Regards de Chiens","robots":{"index":"index","follow":"follow","max-snippet":"max-snippet:-1","max-image-preview":"max-image-preview:large","max-video-preview":"max-video-preview:-1"},"canonical":"https:\/\/regardsdechiens.fr\/?page_id=587","og_locale":"fr_FR","og_type":"article","og_title":"Toutes les photos du barbecue de fin d'ann\u00e9e - Association Regards de Chiens","og_description":"Cliquez ici pour retourner \u00e0 l&rsquo;article. Cliquez sur une photo pour l&rsquo;ouvrir en plein \u00e9cran. [insert_php] for ($j = 1; $j","og_url":"https:\/\/regardsdechiens.fr\/?page_id=587","og_site_name":"Association Regards de Chiens","article_modified_time":"2015-07-11T18:14:42+00:00","twitter_card":"summary_large_image","schema":{"@context":"https:\/\/schema.org","@graph":[{"@type":"WebPage","@id":"https:\/\/regardsdechiens.fr\/?page_id=587","url":"https:\/\/regardsdechiens.fr\/?page_id=587","name":"Toutes les photos du barbecue de fin d'ann\u00e9e - Association Regards de Chiens","isPartOf":{"@id":"https:\/\/regardsdechiens.fr\/#website"},"datePublished":"2015-07-11T18:13:37+00:00","dateModified":"2015-07-11T18:14:42+00:00","breadcrumb":{"@id":"https:\/\/regardsdechiens.fr\/?page_id=587#breadcrumb"},"inLanguage":"fr-FR","potentialAction":[{"@type":"ReadAction","target":["https:\/\/regardsdechiens.fr\/?page_id=587"]}]},{"@type":"BreadcrumbList","@id":"https:\/\/regardsdechiens.fr\/?page_id=587#breadcrumb","itemListElement":[{"@type":"ListItem","position":1,"name":"Accueil","item":"https:\/\/regardsdechiens.fr\/"},{"@type":"ListItem","position":2,"name":"Toutes les photos du barbecue de fin d&rsquo;ann\u00e9e"}]},{"@type":"WebSite","@id":"https:\/\/regardsdechiens.fr\/#website","url":"https:\/\/regardsdechiens.fr\/","name":"Association Regards de Chiens","description":"","potentialAction":[{"@type":"SearchAction","target":{"@type":"EntryPoint","urlTemplate":"https:\/\/regardsdechiens.fr\/?s={search_term_string}"},"query-input":{"@type":"PropertyValueSpecification","valueRequired":true,"valueName":"search_term_string"}}],"inLanguage":"fr-FR"}]}},"_links":{"self":[{"href":"https:\/\/regardsdechiens.fr\/index.php?rest_route=\/wp\/v2\/pages\/587","targetHints":{"allow":["GET"]}}],"collection":[{"href":"https:\/\/regardsdechiens.fr\/index.php?rest_route=\/wp\/v2\/pages"}],"about":[{"href":"https:\/\/regardsdechiens.fr\/index.php?rest_route=\/wp\/v2\/types\/page"}],"author":[{"embeddable":true,"href":"https:\/\/regardsdechiens.fr\/index.php?rest_route=\/wp\/v2\/users\/15"}],"replies":[{"embeddable":true,"href":"https:\/\/regardsdechiens.fr\/index.php?rest_route=%2Fwp%2Fv2%2Fcomments&post=587"}],"version-history":[{"count":3,"href":"https:\/\/regardsdechiens.fr\/index.php?rest_route=\/wp\/v2\/pages\/587\/revisions"}],"predecessor-version":[{"id":595,"href":"https:\/\/regardsdechiens.fr\/index.php?rest_route=\/wp\/v2\/pages\/587\/revisions\/595"}],"wp:attachment":[{"href":"https:\/\/regardsdechiens.fr\/index.php?rest_route=%2Fwp%2Fv2%2Fmedia&parent=587"}],"curies":[{"name":"wp","href":"https:\/\/api.w.org\/{rel}","templated":true}]}}